{"id":11269,"date":"2017-07-28T14:51:44","date_gmt":"2017-07-28T12:51:44","guid":{"rendered":"http:\/\/maja.gdynia.pl\/wp\/?page_id=11269"},"modified":"2024-12-08T13:58:19","modified_gmt":"2024-12-08T12:58:19","slug":"strona-glowna","status":"publish","type":"page","link":"https:\/\/www.majagdynia.pl\/","title":{"rendered":"Strona g\u0142\u00f3wna"},"content":{"rendered":"<p>[vc_row full_width=&#8221;stretch_row_content&#8221; equal_height=&#8221;yes&#8221; content_placement=&#8221;top&#8221; parallax=&#8221;content-moving-fade&#8221; parallax_image=&#8221;12305&#8243; parallax_speed_bg=&#8221;1&#8243; css=&#8221;.vc_custom_1733662686890{background-color: #ffffff&nbsp;!important;}&#8221;][vc_column width=&#8221;1\/4&#8243;][vc_single_image image=&#8221;12253&#8243; img_size=&#8221;large&#8221;][\/vc_column][vc_column width=&#8221;1\/2&#8243;]<div class=\"sc-dropcap sc-dropcap-shape-square sc-dropcap-style-medium\"><span class=\"sc-dropcap-letter\" style=\"\"><\/span><\/div>[vc_column_text css_animation=&#8221;slideInRight&#8221;]<\/p>\n<h4 style=\"text-align: left;\">Witamy&#8230;<\/h4>\n<p style=\"padding-left: 30px;\">&#8230;na naszej stronie i&nbsp;dzi\u0119kujemy za&nbsp;zainteresowanie naszymi produktami!<\/p>\n<p style=\"padding-left: 30px;\">W&nbsp;celu uzyskania informacji odno\u015bnie dost\u0119pnych produkt\u00f3w zapraszamy do&nbsp;<a href=\"https:\/\/www.majagdynia.pl\/#kontakt\">kontaktu<\/a><a href=\"https:\/\/www.majagdynia.pl\/#kontakt\"> mailowego lub&nbsp;telefonicznego!<\/a><\/p>\n<p>[\/vc_column_text][vc_column_text]<\/p>\n<p style=\"text-align: right;\">W\u0142a\u015bciciele i&nbsp;pracownicy<\/p>\n<p><img loading=\"lazy\" decoding=\"async\" class=\"alignright wp-image-12177 size-full\" src=\"http:\/\/www.majagdynia.pl\/wp-content\/uploads\/2021\/08\/maja_logo_jesien3x.png\" alt=\"\" width=\"285\" height=\"123\" \/>[\/vc_column_text][\/vc_column][vc_column width=&#8221;1\/4&#8243;][\/vc_column][\/vc_row][vc_row full_width=&#8221;stretch_row_content_no_spaces&#8221; equal_height=&#8221;yes&#8221; content_placement=&#8221;middle&#8221; css=&#8221;.vc_custom_1664976173578{background-position: center&nbsp;!important;background-repeat: no-repeat&nbsp;!important;background-size: cover&nbsp;!important;}&#8221;][vc_column width=&#8221;1\/4&#8243;][\/vc_column][vc_column width=&#8221;1\/2&#8243;][vc_column_text]<\/p>\n<h4 style=\"margin: 0in; font-family: Calibri; font-size: 16.0pt;\"><span style=\"font-weight: bold;\">Polska, rodzinna firma&#8230;<\/span><\/h4>\n<p>rozwijana nieustannie od 1992 roku. Nasza praca to wielka pasja i&nbsp;satysfakcja.<\/p>\n<h4 style=\"margin: 0in; font-family: Calibri; font-size: 16pt; text-align: left;\"><span style=\"font-weight: bold;\">Nasza marka&#8230;<\/span><\/h4>\n<p style=\"text-align: left;\">Tworzymy kolekcje w&nbsp;oparciu o&nbsp;najnowsze trendy mody dzieci\u0119cej. W&nbsp;trakcie ostatnich 32 lat dzia\u0142alno\u015bci nasza marka sta\u0142a si\u0119 rozpoznawalna i&nbsp;poszukiwana przez&nbsp;klient\u00f3w. Stale poszerza si\u0119 rynek zbytu naszych produkt\u00f3w.<\/p>\n<h2 style=\"margin: 0in; font-family: Calibri; font-size: 16.0pt;\"><span style=\"font-weight: bold;\">Dbamy o&nbsp;dzieci&#8230;<\/span><\/h2>\n<p>Dlatego&nbsp;starannie dobieramy materia\u0142y tak, aby&nbsp;zapewni\u0107 najwy\u017cszy komfort oraz&nbsp;bezpiecze\u0144stwo maluch\u00f3w. Korzystamy wy\u0142\u0105cznie z&nbsp;atestowanych i&nbsp;certyfikowanych materia\u0142\u00f3w najwy\u017cszej jako\u015bci.[\/vc_column_text][\/vc_column][vc_column width=&#8221;1\/4&#8243;][\/vc_column][\/vc_row][vc_row][vc_column][\/vc_column][\/vc_row][vc_row full_width=&#8221;stretch_row_content&#8221; content_placement=&#8221;middle&#8221; parallax=&#8221;content-moving&#8221; parallax_image=&#8221;12275&#8243;][vc_column width=&#8221;1\/3&#8243;][\/vc_column][vc_column width=&#8221;1\/3&#8243;][\/vc_column][\/vc_row][vc_row][vc_column el_id=&#8221;kontakt&#8221;][vc_separator][\/vc_column][\/vc_row][vc_row el_id=&#8221;kontakt&#8221;][vc_column][vc_column_text][\/vc_column_text][\/vc_column][\/vc_row][vc_row content_placement=&#8221;middle&#8221;][vc_column width=&#8221;1\/3&#8243;]<div class=\"sc-icon-with-text sc-icon-with-text-icon-size-medium\"><div class=\"sc-icon-with-title sc-icon-with-title-icon-size-medium\"><div class=\"sc-icon-with-title-icon\"><div class=\"sc-icon sc-icon-size-medium  sc-icon-shape-square sc-simple-icon\" style=\"\"><span class=\"sc-icon-half-1\" style=\"color: #323958;\"><span class=\"back-angle\">&#xe791;<\/span><\/span><span class=\"sc-icon-half-2\" style=\"color: #323958;\"><span class=\"back-angle\">&#xe791;<\/span><\/span><\/div><\/div><div class=\"sc-iconed-title\"><h5 style=\"\">Adres:<\/h5><\/div><\/div><div class=\"sc-icon-with-text-content\"><div class=\"sc-icon-with-text-empty\"><\/div><div class=\"sc-icon-with-text-text\">[vc_column_text]Firma Produkcyjno-Handlowa MAJA<br \/>\nDorota Tarkowska<br \/>\n81-461 Gdynia, ul. Powstania Wielkopolskiego 48\/2<\/p>\n<p>NIP: 586 006 08 95[\/vc_column_text]<\/div><\/div><div class=\"clearboth\"><\/div><\/div>[\/vc_column][vc_column width=&#8221;1\/3&#8243;]<div class=\"sc-icon-with-title sc-icon-with-title-icon-size-medium\"><div class=\"sc-icon-with-title-icon\"><div class=\"sc-icon sc-icon-size-medium  sc-icon-shape-circle sc-simple-icon\" style=\"\"><span class=\"sc-icon-half-1\" style=\"\"><span class=\"back-angle\">&#xe7b5;<\/span><\/span><span class=\"sc-icon-half-2\" style=\"\"><span class=\"back-angle\">&#xe7b5;<\/span><\/span><\/div><\/div><div class=\"sc-iconed-title\"><h3 style=\"\">602 263 866<\/h3><\/div><\/div>[\/vc_column][vc_column width=&#8221;1\/3&#8243;][vc_row_inner equal_height=&#8221;yes&#8221; content_placement=&#8221;middle&#8221;][vc_column_inner width=&#8221;1\/4&#8243;][vc_icon icon_fontawesome=&#8221;fa fa-envelope-open&#8221; color=&#8221;mulled_wine&#8221; align=&#8221;center&#8221; link=&#8221;url:mailto%3Amaja%40majagdynia.pl|||&#8221;][\/vc_column_inner][vc_column_inner width=&#8221;1\/2&#8243;][vc_column_text]<\/p>\n<h4><a href=\"mailto:maja@majagdynia.pl\">maja@majagdynia.pl<\/a><\/h4>\n<p>[\/vc_column_text][\/vc_column_inner][\/vc_row_inner][\/vc_column][\/vc_row]<\/p>\n","protected":false},"excerpt":{"rendered":"<p>[vc_row full_width=&#8221;stretch_row_content&#8221; equal_height=&#8221;yes&#8221; content_placement=&#8221;top&#8221; parallax=&#8221;content-moving-fade&#8221; parallax_image=&#8221;12305&#8243; parallax_speed_bg=&#8221;1&#8243; css=&#8221;.vc_custom_1733662686890{background-color: #ffffff&nbsp;!important;}&#8221;][vc_column width=&#8221;1\/4&#8243;][vc_single_image image=&#8221;12253&#8243; img_size=&#8221;large&#8221;][\/vc_column][vc_column width=&#8221;1\/2&#8243;][vc_column_text css_animation=&#8221;slideInRight&#8221;] Witamy&#8230; &#8230;na naszej stronie i&nbsp;dzi\u0119kujemy za&nbsp;zainteresowanie&#8230;<\/p>\n","protected":false},"author":1,"featured_media":0,"parent":0,"menu_order":0,"comment_status":"closed","ping_status":"closed","template":"","meta":{"footnotes":""},"class_list":["post-11269","page","type-page","status-publish","hentry"],"_links":{"self":[{"href":"https:\/\/www.majagdynia.pl\/index.php\/wp-json\/wp\/v2\/pages\/11269","targetHints":{"allow":["GET"]}}],"collection":[{"href":"https:\/\/www.majagdynia.pl\/index.php\/wp-json\/wp\/v2\/pages"}],"about":[{"href":"https:\/\/www.majagdynia.pl\/index.php\/wp-json\/wp\/v2\/types\/page"}],"author":[{"embeddable":true,"href":"https:\/\/www.majagdynia.pl\/index.php\/wp-json\/wp\/v2\/users\/1"}],"replies":[{"embeddable":true,"href":"https:\/\/www.majagdynia.pl\/index.php\/wp-json\/wp\/v2\/comments?post=11269"}],"version-history":[{"count":203,"href":"https:\/\/www.majagdynia.pl\/index.php\/wp-json\/wp\/v2\/pages\/11269\/revisions"}],"predecessor-version":[{"id":12306,"href":"https:\/\/www.majagdynia.pl\/index.php\/wp-json\/wp\/v2\/pages\/11269\/revisions\/12306"}],"wp:attachment":[{"href":"https:\/\/www.majagdynia.pl\/index.php\/wp-json\/wp\/v2\/media?parent=11269"}],"curies":[{"name":"wp","href":"https:\/\/api.w.org\/{rel}","templated":true}]}}